{"id":314,"date":"2017-12-27T12:29:11","date_gmt":"2017-12-27T11:29:11","guid":{"rendered":"http:\/\/www.danielschell.net\/?page_id=314"},"modified":"2018-03-13T21:35:29","modified_gmt":"2018-03-13T20:35:29","slug":"hygiene-video-libretto","status":"publish","type":"page","link":"https:\/\/www.danielschell.net\/index.php\/opera-music-theater\/amelie-nothomb\/hygiene-de-lassassin\/hygiene-video-libretto\/","title":{"rendered":"Hygiene, Libretto Video"},"content":{"rendered":"<p>&nbsp;<\/p>\n<p>&nbsp;<\/p>\n<h1 style=\"text-align: center;\">Hygiene de l\u2019Assassin<\/h1>\n<h1 style=\"text-align: center;\">Opera: Daniel Schell-Am\u00e9lie Nothomb<\/h1>\n<h1 style=\"text-align: center;\">Livret Video<\/h1>\n<p>&nbsp;<\/p>\n<h1>Plan :<\/h1>\n<p>Sc\u00e8ne 1 : l\u2019Obscurit\u00e9: Tach et le journaliste Furet.<\/p>\n<p>Au Caf\u00e9 1: Souris, Furet, Coq et Sanglier,<\/p>\n<p>Sc\u00e8ne 2 : Le repas et l\u2019expurgation : Tach (muet) , Coq (chant\u00e9), Sanglier (parl\u00e9), l\u2019Infirmi\u00e8re(parl\u00e9).<\/p>\n<p>Au Caf\u00e9 2: Souris, Sanglier<\/p>\n<p>Sc\u00e8ne 3 : Le bain: Tach (muet), Sanglier(chant\u00e9) et l\u2019infirmi\u00e8re (muet).<\/p>\n<p>Au Caf\u00e9 3 : Furet, Coq et Sanglier,<\/p>\n<p>Sc\u00e8ne 4 : La strangulation, Tach et la journaliste Nina<\/p>\n<p>Ensemble vocal complet: Nina, Furet, Coq, Sanglier, et Tach. Le Grand Choeur.<\/p>\n<p>&nbsp;<\/p>\n<h1>R\u00e9sum\u00e9<\/h1>\n<h2>Sc\u00e8ne 1: L\u2019obscurit\u00e9<\/h2>\n<p>Le journaliste Furet rentre dans un appartement obscur. Il vient interviewer Pr\u00e9textat Tach, 83 ans, prix Nobel de litt\u00e9rature.\u00a0 Ce dernier n\u2019aime pas les journalistes et n\u2019a jamais accord\u00e9 d\u2019interview. Atteint d\u2019un cancer des cartilages, le syndrome d&#8217;Elsenvijverplatz, il est \u00e0 deux mois de la mort. C\u2019est la raison pour laquelle il accepte de recevoir 5 journalistes et pas un de plus.<\/p>\n<p>En s\u2019approchant, le journaliste Furet constate que Tach est un infirme ob\u00e8se, se d\u00e9pla\u00e7ant en chaise roulante.<\/p>\n<h3>Video: extrait de l&#8217;air &#8216;Avez-vous Peur de Mourir&#8221;<\/h3>\n<p><iframe loading=\"lazy\" src=\"https:\/\/www.youtube.com\/embed\/1L0ScWA09ac?rel=0\" width=\"560\" height=\"315\" frameborder=\"0\" allowfullscreen=\"allowfullscreen\"><\/iframe><\/p>\n<p>Tach admet qu\u2019il a laiss\u00e9 un roman inachev\u00e9, qu\u2019il a \u00e9t\u00e9 beau jusqu\u2019\u00e0 dix-huit ans, puis qu\u2019il est subitement devenu ob\u00e8se et laid.<\/p>\n<h3>Video: Extrait de l&#8217;Air\u00a0 &#8220;A dix huit ans&#8221;:<\/h3>\n<p style=\"text-align: center;\"><iframe loading=\"lazy\" src=\"https:\/\/www.youtube.com\/embed\/5MDZzpEPbbQ?rel=0\" width=\"560\" height=\"315\" frameborder=\"0\" allowfullscreen=\"allowfullscreen\"><\/iframe><\/p>\n<p>Furet essaye de faire dire \u00e0 Tach qu\u2019il a bien d\u00fb se repr\u00e9senter dans l\u2019un de ses 22 romans. L\u2019\u00e9crivain nie en bloc: aucun de ses romans n\u2019est autobiographique, m\u00eame par le biais de la m\u00e9taphore.<\/p>\n<p>Furieux, Tach renvoie Furet.<\/p>\n<p>Au caf\u00e9, Furet et ses coll\u00e8gues journalistes Coq, Sanglier, et Souris commentent cette rencontre.<\/p>\n<h3>Video: Extrait du choeur &#8220;Ce type est formidable&#8221;<\/h3>\n<p><iframe loading=\"lazy\" src=\"https:\/\/www.youtube.com\/embed\/wTbnHy0ug74?rel=0\" width=\"560\" height=\"315\" frameborder=\"0\" allowfullscreen=\"allowfullscreen\"><\/iframe><\/p>\n<p>&nbsp;<\/p>\n<h2>Sc\u00e8ne 2: le repas<\/h2>\n<p>Les journalistes\u00a0 Coq et Sanglier assistent, \u00e9coeur\u00e9s, \u00e0 l\u2019immonde repas de Pr\u00e9textat Tach..La journaliste Coq &#8220;La Guerre est Imminente&#8221; s\u2019int\u00e9resse d\u2019abord aux programmes t\u00e9l\u00e9vis\u00e9s que Tach contemple: uniquement des pubs!<\/p>\n<h3>Video: Extrait de l&#8217;Air &#8220;La Guerre est imminente&#8221;<\/h3>\n<p style=\"text-align: center;\"><iframe loading=\"lazy\" src=\"https:\/\/www.youtube.com\/embed\/R0pKbNO5acY?rel=0\" width=\"560\" height=\"315\" frameborder=\"0\" allowfullscreen=\"allowfullscreen\"><\/iframe><\/p>\n<p>Sanglier demande \u00e0 Tach pourquoi il arrache des pages \u00e0 \u201ela Princesse de Cl\u00e8ves\u201c. Il re\u00e7oit quelques pr\u00e9cisions de l\u2019Infirmi\u00e8re.<\/p>\n<p>La journaliste Coq assiste horrifi\u00e9e \u00e0 la fin du repas. A la fin, elle s\u2019encourt en vomissant.<\/p>\n<p>Et les commentaires suivent au caf\u00e9.<\/p>\n<h3>Video: Extrait du Ch\u0153ur &#8220;Vous voyez bien que je suis bon&#8221;<\/h3>\n<p><iframe loading=\"lazy\" src=\"https:\/\/www.youtube.com\/embed\/5AB6UZFEL0k?rel=0\" width=\"560\" height=\"315\" frameborder=\"0\" allowfullscreen=\"allowfullscreen\"><\/iframe><\/p>\n<p>&nbsp;<\/p>\n<h2>Sc\u00e8ne 3: le bain<\/h2>\n<p>L\u2019infirmi\u00e8re silencieuse donne le bain \u00e0 Pr\u00e9textat. Le journaliste Sanglier tente d\u2019interroger le Prix Nobel sur son enfance mais n\u2019obtient pas d\u2019\u00e9claircissements. Par contre il obtient de Tach l\u2019\u00e9num\u00e9ration des qualit\u00e9s &#8211; et des organes&#8230;- qui font un bon \u00e9crivain. Il se fait renvoyer.<\/p>\n<h3>Video: Extrait de l&#8217;Air : &#8216;Les Organes de l&#8217;\u00e9crivain&#8221;<\/h3>\n<p><iframe loading=\"lazy\" src=\"https:\/\/www.youtube.com\/embed\/IZLEPI2AQsQ?rel=0\" width=\"560\" height=\"315\" frameborder=\"0\" allowfullscreen=\"allowfullscreen\"><\/iframe><\/p>\n<h2>Sc\u00e8ne 4 : L\u00e9opoldine<\/h2>\n<p>Le 5e journaliste est une femme de 30 ans: Nina. Tach ne lui cache pas sa misogynie, veut la chasser et l\u2019injurie de plus belle. Elle lui tient t\u00eate, \u00e9veille sa curiosit\u00e9\u00a0 et lui donne deux minutes pour qu&#8217;il change d&#8217;avis.<\/p>\n<h3>Vdeo: Extrait de l&#8217;Air &#8220;Je vous donne Deux Minutes&#8221;<\/h3>\n<p><iframe loading=\"lazy\" src=\"https:\/\/www.youtube.com\/embed\/bcsQyHqBuss?rel=0\" width=\"560\" height=\"315\" frameborder=\"0\" allowfullscreen=\"allowfullscreen\"><\/iframe><\/p>\n<p>Elle arrive m\u00eame \u00e0 lui arracher un pari: Qui fera rendre gorge \u00e0 l\u2019autre devra ramper.<\/p>\n<p>A l\u2019inverse des autres journalistes, Nina a tr\u00e8s (trop) bien lu Tach.<\/p>\n<p>Nina se livre \u00e0 un d\u00e9compte d\u00e9taill\u00e9 : elle compte les personnages f\u00e9minins tout en citant les titres de 21 romans.<\/p>\n<h3>Video: Extrait de l&#8217;Air &#8220;J&#8217;ai d\u00e9nombr\u00e9 dans votre \u0152uvre&#8221;<\/h3>\n<p><iframe loading=\"lazy\" src=\"https:\/\/www.youtube.com\/embed\/CcFtLc6HsMw?rel=0\" width=\"560\" height=\"315\" frameborder=\"0\" allowfullscreen=\"allowfullscreen\"><\/iframe><\/p>\n<p>Il reste donc un 22e roman dont on ne conna\u00eet pas le titre. Et dans ce roman, il resterait 2 personnages f\u00e9minins. Ce roman parlerait de strangulation et serait inachev\u00e9. Tach refuse de dire le titre de ce roman. Il pr\u00e9tend l\u2019avoir oubli\u00e9.<\/p>\n<p>Nina annonce alors qu\u2019elle a fouill\u00e9 le pass\u00e9 de Tach en r\u00e9alisant une v\u00e9ritable enqu\u00eate, bas\u00e9e sur le contenu de ce roman. Elle a d\u00e9couvert que Tach a pass\u00e9 son enfance dans un ch\u00e2teau- aujourd\u2019hui disparu- en compagnie d\u2019une petite cousine: L\u00e9opoldine.<\/p>\n<p>Nina se fait confirmer par Tach que ce roman contenait bien 2 personnages f\u00e9minins et non pas 3, ce qu\u2019il admet soudain. Nina analyse ensuite \u201el\u2019hygi\u00e8ne de l\u2019\u00e9ternelle enfance\u201c une th\u00e9orie \u201edingue\u201c invent\u00e9e par Tach, pour maintenir sa cousine \u00e9ternellement en enfance, l\u2019emp\u00eachant ainsi de devenir femme.<\/p>\n<p>Tach demande l&#8217;\u00e2ge de Nina; Trente ans! Il la trouve bien trop vieille.<\/p>\n<h3>Video : extrait de l&#8217;Air &#8216;Trente Ans&#8217;<\/h3>\n<p><iframe loading=\"lazy\" src=\"https:\/\/www.youtube.com\/embed\/T0Bs3b9uR80?rel=0\" width=\"560\" height=\"315\" frameborder=\"0\" allowfullscreen=\"allowfullscreen\"><\/iframe><\/p>\n<p>Nina fait admettre \u00e0 Tach qu\u2019il s\u2019\u00e9tait d\u00e9crit dans ce roman inconnu. Pour cela elle bluffe en utilisant le stratag\u00e8me d\u2019une soi-disant photo retrouv\u00e9e, montrant Tach et sa cousine L\u00e9opoldine, tous deux minces et beaux. Exc\u00e9d\u00e9 par les questions, Tach admet s\u2019\u00eatre repr\u00e9sent\u00e9 dans le roman. \u201eHygi\u00e8ne de l\u2019Assassin.\u201c Il admet que les deux personnages f\u00e9minins \u00e9taient sa grand-m\u00e8re et sa tante, alors que L\u00e9opoldine, comptant pour z\u00e9ro,\u00a0 n\u2019\u00e9tait pas un personnage f\u00e9minin, mais un \u00eatre miraculeux.<\/p>\n<p>Nina avait donc bien bluff\u00e9 dans son d\u00e9compte: trois personnages f\u00e9minins dans \u201eHygi\u00e8ne\u201c alors que Tach n\u2019en comptait que deux.<\/p>\n<p>Il raconte alors que lors d\u2019une sc\u00e9ance de natation il s\u2019\u00e9tait aper\u00e7u que L\u00e9opoldine avait ses premi\u00e8res r\u00e8gles. Il avait alors d\u00e9cid\u00e9 de l\u2019\u00e9trangler pour l\u2019emp\u00eacher de devenir femme.<\/p>\n<h3>Video: Extrait de l&#8217;Air &#8221; Nous souriions l&#8217;un et l&#8217;autre&#8221;<\/h3>\n<p><iframe loading=\"lazy\" src=\"https:\/\/www.youtube.com\/embed\/fQXRl6bZejU?rel=0\" width=\"560\" height=\"315\" frameborder=\"0\" allowfullscreen=\"allowfullscreen\"><\/iframe><\/p>\n<p>Nina a donc r\u00e9solu toutes les questions sauf une : pourquoi ce roman est-il inachev\u00e9? Elle le comprend soudain : Tach lui demande de l\u2019\u00e9trangler. Elle ne peut s\u2019y r\u00e9soudre.<\/p>\n<p>Tach lui d\u00e9montre alors qu\u2019elle-m\u00eame est l\u2019assassin car elle a tu\u00e9 le souvenir de L\u00e9opoldine qu\u2019il portait intact dans sa m\u00e9moire. Il la persuade tant et si bien que l\u2019envie d\u2019\u00eatre assassin la saisit \u00e0 son tour. Elle l\u2019\u00e9trangle.<\/p>\n<p>&nbsp;<\/p>\n<h3>Video: Extrait de l&#8217;air &#8216; Rampez&#8217;<\/h3>\n<p><iframe loading=\"lazy\" src=\"https:\/\/www.youtube.com\/embed\/kOnswjseHOg?rel=0\" width=\"560\" height=\"315\" frameborder=\"0\" allowfullscreen=\"allowfullscreen\"><\/iframe><\/p>\n<p>&nbsp;<\/p>\n<p>&nbsp;<\/p>\n<p>&nbsp;<\/p>\n<p>&nbsp;<\/p>\n","protected":false},"excerpt":{"rendered":"<p>&nbsp; &nbsp; Hygiene de l\u2019Assassin Opera: Daniel Schell-Am\u00e9lie Nothomb Livret Video &nbsp; Plan : Sc\u00e8ne 1 : l\u2019Obscurit\u00e9: Tach et le journaliste Furet. Au Caf\u00e9 1: Souris, Furet, Coq et Sanglier, Sc\u00e8ne 2 : Le repas et l\u2019expurgation : Tach (muet) , Coq (chant\u00e9), Sanglier (parl\u00e9), l\u2019Infirmi\u00e8re(parl\u00e9). Au Caf\u00e9 2: &hellip;<\/p>\n","protected":false},"author":2,"featured_media":0,"parent":36,"menu_order":0,"comment_status":"closed","ping_status":"closed","template":"","meta":{"footnotes":""},"class_list":["post-314","page","type-page","status-publish","hentry"],"_links":{"self":[{"href":"https:\/\/www.danielschell.net\/index.php\/wp-json\/wp\/v2\/pages\/314"}],"collection":[{"href":"https:\/\/www.danielschell.net\/index.php\/wp-json\/wp\/v2\/pages"}],"about":[{"href":"https:\/\/www.danielschell.net\/index.php\/wp-json\/wp\/v2\/types\/page"}],"author":[{"embeddable":true,"href":"https:\/\/www.danielschell.net\/index.php\/wp-json\/wp\/v2\/users\/2"}],"replies":[{"embeddable":true,"href":"https:\/\/www.danielschell.net\/index.php\/wp-json\/wp\/v2\/comments?post=314"}],"version-history":[{"count":17,"href":"https:\/\/www.danielschell.net\/index.php\/wp-json\/wp\/v2\/pages\/314\/revisions"}],"predecessor-version":[{"id":392,"href":"https:\/\/www.danielschell.net\/index.php\/wp-json\/wp\/v2\/pages\/314\/revisions\/392"}],"up":[{"embeddable":true,"href":"https:\/\/www.danielschell.net\/index.php\/wp-json\/wp\/v2\/pages\/36"}],"wp:attachment":[{"href":"https:\/\/www.danielschell.net\/index.php\/wp-json\/wp\/v2\/media?parent=314"}],"curies":[{"name":"wp","href":"https:\/\/api.w.org\/{rel}","templated":true}]}}